, 3
Let w(b) = b**3 - 8*b**2 - 19*b - 5. List the prime factors of w(11).
149
Suppose 4*n - 10 = 5*n. Let u be -8 + 8 + n/(-2). Suppose 56 = u*p + 11. List the prime factors of p.
3
Suppose -4*v + 423 = u, 4*v + 0*u - 435 = -5*u. List the prime factors of v.
3, 5, 7
What are the prime factors of -196*(0 + 12/(-3) - -3)?
2, 7
Suppose -2*k + 2*g = -51 - 7, -63 = -2*k + 3*g. What are the prime factors of k?
2, 3
Suppose 0 = -d - 1. Let b be (-3)/(0 - (d + 0)). List the prime factors of (-22)/b + 2/(-6).
7
Let b = 12 + -9. Suppose 0 = b*c - 14 - 25. List the prime factors of c.
13
Let y = 22 + -6. List the prime factors of y.
2
Let b = 13 + -11. What are the prime factors of (-29)/(-3) + b/(-3)?
3
Let f(h) = -h**3 - h - 4. What are the prime factors of f(-4)?
2
Let h(s) = -5*s + 0*s**2 - 9 + 5*s**2 + 0*s + s**3. Let z(t) = -2*t**3 - 9*t**2 + 9*t + 18. Let i(b) = 7*h(b) + 4*z(b). What are the prime factors of i(0)?
3
Suppose t + 9 - 115 = 0. What are the prime factors of t?
2, 53
Suppose -4*q = -12 - 24. What are the prime factors of q?
3
Let g be 99/(-18) + 3/2. What are the prime factors of 34*(-2)/g - 1?
2
Suppose 5*q + 3*n = 378, 4*q + 78 = 5*q + 3*n. Suppose -42 = -2*m + 5*h, -5*m - h + q = -6*h. What are the prime factors of m?
11
Let j(g) = 4*g**2 - 2*g - 2. Let m be j(3). Let d = -13 + m. List the prime factors of d.
3, 5
Let o(b) = 2*b + 4. Let d be o(5). Let t be (-2)/7 + 4/d. Suppose j + t - 7 = 0. What are the prime factors of j?
7
Let p = 20 - 14. Let l(h) = -h**2 + 4*h - 5. Let s be l(p). Let a = s - -29. List the prime factors of a.
2, 3
Suppose 0*f - 6 = -2*f. List the prime factors of f.
3
Let i = 8 - 13. Let l = 22 + i. List the prime factors of l.
17
Let b(o) = 9*o - 3. Let x be b(7). Suppose 3*q = q + x. List the prime factors of 12/q*(30 - 0).
2, 3
Suppose -5*b + 2*x + 20 = 0, -5*x + 2 = -2*b + 10. Suppose -j - 5*k = -36, 3*k + 213 = -0*j + b*j. List the prime factors of j.
3, 17
Let q be (-14 - 2) + (3 - 2). Let h = -11 - q. Suppose w = 4*w - 4*x + 1, -3*x = -h*w + 8. List the prime factors of w.
5
Suppose -4*s + 4 + 6 = k, -2*s + 26 = -3*k. List the prime factors of (-8)/k + 10/15.
2
Let r(h) = h - 1. Let k be r(11). Let i = 32 - k. What are the prime factors of i?
2, 11
Let a(b) = -b**3 - 3*b**2 + 1. Let l be a(-3). Let o = 1 - l. Suppose -4*z = -2*j - 6, o = -2*z - 4*j + 18 + 10. What are the prime factors of z?
2
Let q = -4 - -7. Suppose q*b = -0*b + 84. List the prime factors of b.
2, 7
Let o(u) = -u - 1. List the prime factors of o(-6).
5
Suppose 3*z - 89 = 76. What are the prime factors of z?
5, 11
Let s be 2 + -1 - (0 - -1). List the prime factors of s + (-30)/(-2) + -2.
13
Suppose -y - 32 = -4*a + 4*y, a - 8 = -3*y. Suppose 0 = 4*s + 4*k - a*k - 28, -32 = -2*s - 4*k. Suppose 20 + s = 3*g. List the prime factors of g.
2, 5
Let h be 336/(-33) - (-4)/22. Let o be -2*2/(-4) + 3. List the prime factors of o/(-2) - (h - 1).
3
Let c(v) = -4*v**2 - v - 1. Let k be c(-1). Let u = -5 - k. Let n = u - -8. List the prime factors of n.
7
Let v = -24 + 40. Let h be 1/(v/6 - 3). List the prime factors of 5 + 1 - h*1.
3
Suppose -3*t + 5 = -16. List the prime factors of 34/(-119) - (-149)/t.
3, 7
Let s(p) = -p**3 - 9*p**2 + 11*p + 15. Let w be s(-10). Suppose w*a = 6*a - 4. Let d(t) = 3*t - 1. What are the prime factors of d(a)?
11
Let i be 3 + -2 + 37 + -1. Suppose 0 = q + 4, i = s - q - 3. Suppose -s = -3*d - d. List the prime factors of d.
3
Suppose 28 = 4*c - 24. Suppose 5*a = c + 2. List the prime factors of a.
3
Suppose 3*s = -i + 21, -3*s + 86 = 4*i + 29. Let k = 45 - i. What are the prime factors of k/2 - 6/12?
2
Let t = -96 + 244. What are the prime factors of t?
2, 37
Let t = 8 + -6. Suppose -p + t = -0*p. What are the prime factors of p?
2
Let x = 353 + -212. What are the prime factors of x?
3, 47
Let d = 38 + -102. What are the prime factors of (-880)/d + (-6)/8?
13
What are the prime factors of ((-3)/2)/((-1)/18)?
3
Suppose -2*k + 3*d - 14 = 0, 2*k - d - 17 = 3*k. Let l = 24 + k. List the prime factors of l.
11
Let g = 37 - 25. Suppose n - 3*i = 2*i, n - g = i. What are the prime factors of n?
3, 5
What are the prime factors of 139/4 + 15/(-20)?
2, 17
Let z(o) = -o + 6. Let h be z(-11). Suppose 13 - h = -2*j. List the prime factors of j.
2
Let r = 6 + -11. Let v(q) = -2*q - 1. List the prime factors of v(r).
3
Let t(w) be the third derivative of -w**6/120 - 13*w**5/60 - 13*w**4/24 + w**3/3 + w**2. List the prime factors of t(-12).
2, 7
Suppose j = 5*j - 52. Let g = j + -8. Suppose 3*q + 44 = g*v, 14 - 4 = 2*v - 5*q. List the prime factors of v.
2, 5
Let s(j) = 299*j**2 + 2*j - 2. List the prime factors of s(1).
13, 23
Let x = -74 - -85. What are the prime factors of x?
11
Suppose 4*y - 352 + 84 = 0. Suppose -3*d - 11 = h - y, -d = 2*h - 27. Suppose 2*w = -5*n + d, -3*n + 2*n = 2*w - 21. List the prime factors of w.
11
Suppose 2*p = p - 3. Let y = 17 + p. What are the prime factors of y?
2, 7
Suppose -2*l + 10 = 2*o, 3*l = -4 + 7. Suppose -b + o*x = -x - 12, -b - 3*x + 12 = 0. What are the prime factors of b?
2, 3
Let i = 116 - 27. What are the prime factors of i?
89
Let k(s) = -3*s - 6. Let i be k(-5). Let o = 18 - i. What are the prime factors of o?
3
Let s(k) = k**3 + 8*k**2 + 6*k - 2. Let m be s(-7). Suppose 0 = u - m - 4. List the prime factors of u.
3
Suppose -3*t + 3*b = -9, -4*b + 0 = -2*t + 4. Suppose 10 = w + t*w, 5*g - 47 = -w. List the prime factors of g.
3
Suppose -2*m - m - 42 = 0. Suppose -7 = -4*l + 101. Let s = l + m. What are the prime factors of s?
13
Let p = 160 - 65. Suppose -5*m + 0*m = -p. What are the prime factors of m?
19
Let k(n) be the first derivative of 2*n**2 + n + 1. What are the prime factors of k(2)?
3
Suppose -2*u = 5*z + 37, 0*u = 5*z - u + 49. List the prime factors of 4/(-18) - 38/z.
2
Let d(s) = -10*s**3 + 2*s**2 + 2*s + 1. Suppose 0 = 4*y - 23 + 7. Suppose -4*r + 8 = -4*a + y, -3*r = a + 1. What are the prime factors of d(a)?
11
What are the prime factors of 6/((1 - 3) + (-440)/(-210))?
3, 7
Let f(i) = 27*i**3 + 2*i**2 - 2*i + 1. What are the prime factors of f(1)?
2, 7
Suppose -50 = -6*i + 4*i. Suppose i = 4*r - 35. What are the prime factors of r?
3, 5
List the prime factors of (208/32)/((-1)/(-2)).
13
Suppose 2*r = -r + 390. What are the prime factors of r?
2, 5, 13
Let s = 3 + -1. Suppose s*q + 0 = 4. What are the prime factors of (-3)/q + 27/2?
2, 3
List the prime factors of 1250/35 - 2/(-7).
2, 3
Let o(x) = x**2 + 3*x - 3. Let g be o(2). Let d = g - 5. Let j(i) = 3*i**2 - 3*i + 3. List the prime factors of j(d).
3
Let q(v) = -v**2 + 8*v - 1. Let l be (2/6)/(2/24). List the prime factors of q(l).
3, 5
Suppose 4*j + 3*k - 16 = 34, 2*k + 60 = 4*j. What are the prime factors of j?
2, 7
Let j(h) = h**3 - 4*h**2 + 5*h - 4. Let p be j(3). Suppose -5*n + p*d = -11, -3 = n - d - 4. Suppose 0 = -n*z + z + 20. What are the prime factors of z?
2, 5
Let s(o) = o**2 - o. Let j be s(-1). Suppose -4 = -2*c + j. Suppose c*l = -l + 20. What are the prime factors of l?
5
Let u = 106 + -94. List the prime factors of u.
2, 3
What are the prime factors of (((-15)/(-6))/(-5))/((-1)/6)?
3
Let p be 1 - -1 - (1 - 2). List the prime factors of (-2 - 0)/(p/(-6)).
2
Let i(u) be the first derivative of 2*u**3 + 3*u**2/2 + 3*u + 3. What are the prime factors of i(-2)?
3, 7
Let r(j) = 7*j**2 + 3*j - 2. Let x be r(2). Suppose 0 = -w + 3*w - x. What are the prime factors of w?
2
Let w = 3 + 16. List the prime factors of w.
19
Let c = -3 - 3. Let r = c + 10. List the prime factors of r.
2
Let h = 13 + -8. Suppose -h*q + q = 0. Suppose q = 2*c + 3*c - 75. List the prime factors of c.
3, 5
Let s be (-1 - -1)/(2 - 4). Let u(j) = -j + 5. List the prime factors of u(s).
5
Let v(h) = h**3 - 15*h**2 + 21*h - 23. What are the prime factors of v(14)?
3, 5
Suppose 0 = 6*a - 5*a - 22. What are the prime factors of a?
2, 11
Suppose -5*s + 156 = -529. List the prime factors of s.
137
Let w(b) = -b**3 - 7*b**2 - 6*b - 6. Let c be w(-6). Let v be (-2)/1*9/c. Suppose -4*x + 129 - 28 = 5*t, v*t + x = 55. What are the prime factors of t?
17
Let s = 2 + -2. Suppose s = -2*t + t - z + 1, -2*t + 14 = -2*z. Suppose 12 = 3*x, -5*g - t*x + 36 = -10. What are the prime factors of g?
2, 3
Let o(k) = -2*k. Let q be o(-2). Let n be (6